{"id":33,"date":"2021-05-23T12:29:29","date_gmt":"2021-05-23T10:29:29","guid":{"rendered":"https:\/\/www.cmchrysalide.be\/public\/?page_id=33"},"modified":"2024-10-09T16:21:19","modified_gmt":"2024-10-09T14:21:19","slug":"liens-utiles","status":"publish","type":"page","link":"https:\/\/www.cmchrysalide.be\/public\/liens-utiles\/","title":{"rendered":"Liens utiles"},"content":{"rendered":"\n<ul class=\"wp-block-list\">\n<li><a href=\"https:\/\/www.sgmg.be\/\" data-type=\"link\" data-id=\"https:\/\/www.sgmg.be\/\">Le poste de garde<\/a><\/li>\n<\/ul>\n\n\n\n<ul class=\"wp-block-list\">\n<li><a href=\"https:\/\/www.cpascharleroi.be\/fr\" data-type=\"link\" data-id=\"https:\/\/www.cpascharleroi.be\/fr\">C.P.A.S.<\/a><\/li>\n<\/ul>\n\n\n\n<ul class=\"wp-block-list\">\n<li><a href=\"https:\/\/www.mongeneraliste.be\/\" data-type=\"link\" data-id=\"https:\/\/www.mongeneraliste.be\/\">Conseils en m\u00e9decine g\u00e9n\u00e9rale<\/a><\/li>\n<\/ul>\n\n\n\n<ul class=\"wp-block-list\">\n<li><a href=\"https:\/\/beswic.be\/fr\/themes\/risques-psychosociaux-rps\" data-type=\"link\" data-id=\"https:\/\/beswic.be\/fr\/themes\/risques-psychosociaux-rps\">Le bien-\u00eatre au travail<\/a><\/li>\n<\/ul>\n\n\n\n<ul class=\"wp-block-list\">\n<li><a href=\"https:\/\/www.profamille.org\/\" data-type=\"link\" data-id=\"https:\/\/www.profamille.org\/\">La famille<\/a><\/li>\n<\/ul>\n\n\n\n<ul class=\"wp-block-list\">\n<li><a href=\"https:\/\/www.mangerbouger.be\/\" data-type=\"link\" data-id=\"https:\/\/www.mangerbouger.be\/\">Manger et bouger<\/a><\/li>\n<\/ul>\n\n\n\n<ul class=\"wp-block-list\">\n<li><a href=\"https:\/\/www.maisondudiabete.be\/\" data-type=\"link\" data-id=\"https:\/\/www.maisondudiabete.be\/\">Maison du diab\u00e8te<\/a><\/li>\n<\/ul>\n\n\n\n<ul class=\"wp-block-list\">\n<li><a href=\"http:\/\/environnement.sante.wallonie.be\/home.html\" data-type=\"link\" data-id=\"http:\/\/environnement.sante.wallonie.be\/home.html\">Environnement et sant\u00e9<\/a><\/li>\n<\/ul>\n\n\n\n<ul class=\"wp-block-list\">\n<li>Alcoolisme:\n<ul class=\"wp-block-list\">\n<li><a href=\"https:\/\/alcooliquesanonymes.be\/\" data-type=\"link\" data-id=\"https:\/\/alcooliquesanonymes.be\/\">Alcooliques anonymes<\/a> <\/li>\n\n\n\n<li><a href=\"https:\/\/aide-alcool.be\/\" data-type=\"link\" data-id=\"https:\/\/aide-alcool.be\/\">Aide alcool<\/a><\/li>\n<\/ul>\n<\/li>\n\n\n\n<li><a href=\"https:\/\/infordrogues.be\/\" data-type=\"link\" data-id=\"https:\/\/infordrogues.be\/\">Drogue<\/a><\/li>\n\n\n\n<li><a href=\"https:\/\/www.o-yes.be\/\" data-type=\"link\" data-id=\"https:\/\/www.o-yes.be\/\">IST <\/a><\/li>\n\n\n\n<li>Maltraitance et violences familiales : 0800\/30 030\n<ul class=\"wp-block-list\">\n<li><a href=\"https:\/\/www.aidealajeunesse.cfwb.be\/index.php?id=359\" data-type=\"link\" data-id=\"https:\/\/www.aidealajeunesse.cfwb.be\/index.php?id=359\">Aide \u00e0 la jeunesse<\/a><\/li>\n\n\n\n<li><a href=\"https:\/\/www.ecouteviolencesconjugales.be\/\" data-type=\"link\" data-id=\"https:\/\/www.ecouteviolencesconjugales.be\/\">Ecoute violences conjugales<\/a><\/li>\n<\/ul>\n<\/li>\n<\/ul>\n\n\n\n<p><\/p>\n","protected":false},"excerpt":{"rendered":"","protected":false},"author":1,"featured_media":0,"parent":0,"menu_order":0,"comment_status":"closed","ping_status":"closed","template":"","meta":{"footnotes":""},"class_list":["post-33","page","type-page","status-publish","hentry"],"_links":{"self":[{"href":"https:\/\/www.cmchrysalide.be\/public\/wp-json\/wp\/v2\/pages\/33","targetHints":{"allow":["GET"]}}],"collection":[{"href":"https:\/\/www.cmchrysalide.be\/public\/wp-json\/wp\/v2\/pages"}],"about":[{"href":"https:\/\/www.cmchrysalide.be\/public\/wp-json\/wp\/v2\/types\/page"}],"author":[{"embeddable":true,"href":"https:\/\/www.cmchrysalide.be\/public\/wp-json\/wp\/v2\/users\/1"}],"replies":[{"embeddable":true,"href":"https:\/\/www.cmchrysalide.be\/public\/wp-json\/wp\/v2\/comments?post=33"}],"version-history":[{"count":2,"href":"https:\/\/www.cmchrysalide.be\/public\/wp-json\/wp\/v2\/pages\/33\/revisions"}],"predecessor-version":[{"id":159,"href":"https:\/\/www.cmchrysalide.be\/public\/wp-json\/wp\/v2\/pages\/33\/revisions\/159"}],"wp:attachment":[{"href":"https:\/\/www.cmchrysalide.be\/public\/wp-json\/wp\/v2\/media?parent=33"}],"curies":[{"name":"wp","href":"https:\/\/api.w.org\/{rel}","templated":true}]}}